er when 3277 is divided by 517.
175
Calculate the remainder when 552545 is divided by 644.
637
What is the remainder when 27232 is divided by 267?
265
Calculate the remainder when 185107 is divided by 107.
104
What is the remainder when 34731 is divided by 34706?
25
Calculate the remainder when 22483 is divided by 22.
21
What is the remainder when 51391 is divided by 189?
172
What is the remainder when 2267339 is divided by 60?
59
What is the remainder when 24667 is divided by 2466?
7
Calculate the remainder when 20215 is divided by 470.
5
What is the remainder when 7937 is divided by 283?
13
What is the remainder when 8191 is divided by 1168?
15
What is the remainder when 101168 is divided by 175?
18
What is the remainder when 3614098 is divided by 150?
148
What is the remainder when 86531 is divided by 98?
95
What is the remainder when 33770 is divided by 8440?
10
Calculate the remainder when 35156 is divided by 241.
211
What is the remainder when 80115 is divided by 1179?
1122
Calculate the remainder when 2608 is divided by 1301.
6
Calculate the remainder when 1548 is divided by 676.
196
What is the remainder when 18516 is divided by 98?
92
What is the remainder when 93342 is divided by 559?
548
What is the remainder when 154511 is divided by 522?
521
What is the remainder when 10313 is divided by 5139?
35
Calculate the remainder when 2334 is divided by 327.
45
What is the remainder when 26446 is divided by 267?
13
Calculate the remainder when 7190 is divided by 2386.
32
What is the remainder when 2942 is divided by 112?
30
Calculate the remainder when 755937 is divided by 1172.
1169
Calculate the remainder when 601582 is divided by 395.
392
What is the remainder when 7241 is divided by 37?
26
What is the remainder when 64098 is divided by 15?
3
Calculate the remainder when 84017 is divided by 28.
17
Calculate the remainder when 3810 is divided by 3720.
90
Calculate the remainder when 644294 is divided by 873.
20
Calculate the remainder when 5642 is divided by 377.
364
Calculate the remainder when 13959 is divided by 388.
379
Calculate the remainder when 10946 is divided by 1560.
26
Calculate the remainder when 20711 is divided by 545.
1
Calculate the remainder when 237586 is divided by 39597.
4
What is the remainder when 657 is divided by 88?
41
Calculate the remainder when 20279 is divided by 2534.
7
What is the remainder when 14479402 is divided by 12?
10
What is the remainder when 23632 is divided by 11652?
328
What is the remainder when 1009120 is divided by 61?
58
Calculate the remainder when 5974 is divided by 1475.
74
Calculate the remainder when 2726 is divided by 388.
10
What is the remainder when 4208 is divided by 4207?
1
What is the remainder when 792638 is divided by 113231?
21
Calculate the remainder when 101459 is divided by 241.
239
Calculate the remainder when 6096 is divided by 1082.
686
What is the remainder when 9836 is divided by 240?
236
Calculate the remainder when 5984 is divided by 854.
6
Calculate the remainder when 3587 is divided by 697.
102
What is the remainder when 4246 is divided by 348?
70
What is the remainder when 3597178 is divided by 501?
499
What is the remainder when 1155659 is divided by 1870?
1869
What is the remainder when 587 is divided by 185?
32
What is the remainder when 104933 is divided by 357?
332
What is the remainder when 99653 is divided by 33202?
47
Calculate the remainder when 3352 is divided by 1653.
46
Calculate the remainder when 18235 is divided by 522.
487
Calculate the remainder when 508 is divided by 112.
60
What is the remainder when 1112555 is divided by 17?
7
What is the remainder when 94554 is divided by 3259?
43
Calculate the remainder when 29696 is divided by 29678.
18
Calculate the remainder when 4332 is divided by 1082.
4
Calculate the remainder when 1180905 is divided by 371.
12
What is the remainder when 26117 is divided by 5222?
7
What is the remainder when 1500 is divided by 8?
4
Calculate the remainder when 20848 is divided by 3455.
118
What is the remainder when 11764 is divided by 2340?
64
What is the remainder when 2109 is divided by 440?
349
What is the remainder when 34750 is divided by 8673?
58
What is the remainder when 3927 is divided by 302?
1
Calculate the remainder when 2723 is divided by 291.
104
Calculate the remainder when 41971 is divided by 178.
141
What is the remainder when 381059 is divided by 76?
71
What is the remainder when 19696 is divided by 402?
400
Calculate the remainder when 43257 is divided by 460.
17
Calculate the remainder when 117281 is divided by 11.
10
What is the remainder when 5709 is divided by 206?
147
What is the remainder when 13730 is divided by 406?
332
Calculate the remainder when 3131 is divided by 778.
19
What is the remainder when 1067490 is divided by 103?
101
What is the remainder when 15390 is divided by 56?
46
What is the remainder when 851991 is divided by 143?
140
What is the remainder when 409253 is divided by 11?
9
Calculate the remainder when 726 is divided by 72.
6
What is the remainder when 38849 is divided by 70?
69
Calculate the remainder when 23934 is divided by 187.
185
What is the remainder when 4628780 is divided by 48?
44
What is the remainder when 3932 is divided by 69?
68
What is the remainder when 107851 is divided by 53906?
39
What is the remainder when 8812 is divided by 1223?
251
Calculate the remainder when 694269 is divided by 113.
110
What is the remainder when 141183 is divided by 400?
383
What is the remainder when 2415 is divided by 703?
306
Calculate the remainder when 582139 is divided by 68.
59
Calculate the remainder when 12635 is divided by 436.
427
What is the remainder when 809 is divided by 208?
185
What is the remainder when 2178 is divided by 2160?
18
What is the remainder when 62343 is divided by 8?
7
What is the remainder when 394 is divided by 84?
58
What is the remainder when 4706183 is divided by 84?
83
Calculate the remainder when 39565 is divided by 39497.
68
What is the remainder when 16120 is divided by 3222?
10
Calculate the remainder when 557484 is divided by 139371.
0
Calculate the remainder when 17548 is divided by 835.
13
What is the remainder when 446260 is divided by 148749?
13
Calculate the remainder when 390657 is divided by 9528.
9
Calculate the remainder when 8083 is divided by 304.
179
What is the remainder when 1677579 is divided by 29?
16
Calculate the remainder when 26272 is divided by 94.
46
Calculate the remainder when 61398 is divided by 1182.
1116
What is the remainder when 186122 is divided by 365?
337
What is the remainder when 88161 is divided by 133?
115
What is the remainder when 636844 is divided by 106?
102
Calculate the remainder when 14766 is divided by 178.
170
Calculate the remainder when 54011 is divided by 8999.
17
What is the remainder when 72589 is divided by 10?
9
Calculate the remainder when 12147 is divided by 10.
7
Calculate the remainder when 20659 is divided by 93.
13
What is the remainder when 35454 is divided by 45?
39
What is the remainder when 12471 is divided by 1133?
8
Calculate the remainder when 11929257 is divided by 35.
32
What is the remainder when 7589 is divided by 1497?
104
Calculate the remainder when 39835 is divided by 21.
19
What is the remainder when 36095 is divided by 298?
37
Calculate the remainder when 21678 is divided by 22.
8
What is the remainder when 288235 is divided by 46?
45
What is the remainder when 67539 is divided by 278?
263
What is the remainder when 152802 is divided by 2094?
2034
What is the remainder when 956 is divided by 890?
66
Calculate the remainder when 14359 is divided by 12.
7
Calculate the remainder when 2975 is divided by 141.
14
Calculate the remainder when 10539 is divided by 185.
179
Calculate the remainder when 380814 is divided by 131.
128
Calculate the remainder when 1825 is divided by 500.
325
What is the remainder when 106851 is divided by 8902?
27
What is the remainder when 150854 is divided by 102?
98
What is the remainder when 19182 is divided by 6389?
15
Calculate the remainder when 15080 is divided by 655.
15
What is the remainder when 24941 is divided by 4?
1
Calculate the remainder when 133867 is divided by 98.
97
Calculate the remainder when 647 is divided by 282.
8